{"id":43,"date":"2015-08-04T21:38:58","date_gmt":"2015-08-04T19:38:58","guid":{"rendered":"http:\/\/www.juhonisch.de\/wordpress\/?page_id=43"},"modified":"2026-03-19T13:26:51","modified_gmt":"2026-03-19T12:26:51","slug":"publikationen","status":"publish","type":"page","link":"https:\/\/www.juhonisch.de\/?page_id=43","title":{"rendered":"Publikationen"},"content":{"rendered":"<p>&nbsp;<\/p>\n<p>&nbsp;<\/p>\n<table width=\"95%\">\n<tbody>\n<tr>\n<td valign=\"top\" width=\"33%\"><b>ROMANE<\/b><\/td>\n<td valign=\"top\" width=\"34%\"><b>STORIES IN ANTHOLOGIEN<\/b><\/td>\n<td valign=\"top\" width=\"33%\"><\/td>\n<\/tr>\n<tr>\n<td valign=\"top\" width=\"33%\"><a href=\"https:\/\/www.juhonisch.de\/?page_id=941#schlange2\">Schlange des B\u00f6sen &#8211; Chim\u00e4ren<\/a><\/td>\n<td valign=\"top\" width=\"33%\"><a href=\"?page_id=943#phantastikum2\">Das zweite Phantastikum<\/a> (2022)<\/td>\n<td valign=\"top\" width=\"33%\"><a href=\"?page_id=943#metmagie\">Met-Magie<\/a> (2022)<\/td>\n<\/tr>\n<tr>\n<td valign=\"top\" width=\"33%\"><a href=\"https:\/\/www.juhonisch.de\/?page_id=941#schlange\">Schlange des B\u00f6sen &#8211; Die Studentin<\/a><\/td>\n<td valign=\"top\" width=\"33%\"><a href=\"?page_id=943#staubkornfee\">Staubkornfee trifft Ich-Maschine<\/a> (2021)<\/td>\n<td valign=\"top\"><a href=\"?page_id=943#cadvendarium\">Das Cadvendarium<\/a> (2020)<\/td>\n<\/tr>\n<tr>\n<td valign=\"top\" width=\"33%\"><a href=\"https:\/\/www.juhonisch.de\/?page_id=941#sturmkrallen\">Sturmkrallen<\/a><\/td>\n<td valign=\"top\" width=\"33%\"><a href=\"?page_id=943#bunten\">Wir sind die Bunten.<\/a>\u00a0 (2020)<\/td>\n<td valign=\"top\"><a href=\"?page_id=943#blutig\">Blutige Welten<\/a> (2020)<\/td>\n<\/tr>\n<tr>\n<td valign=\"top\" width=\"33%\"><a href=\"https:\/\/www.juhonisch.de\/?page_id=941#verr\u00e4terinnen\">Gefangene des Panthers: Verr\u00e4terinnen<\/a><\/td>\n<td valign=\"top\" width=\"33%\"><a href=\"?page_id=943#hessen\">Fantastisches Deutschland \u2013 Hessen<\/a> (2019)<\/td>\n<td valign=\"top\"><a href=\"?page_id=943#drachenm\u00e4r\">Drachenm\u00e4r<\/a> (2018)<\/td>\n<\/tr>\n<tr>\n<td valign=\"top\" width=\"33%\"><a href=\"https:\/\/www.juhonisch.de\/?page_id=941#mondenfeinde\">Gefangene des Panthers: Monden-Feinde<\/a><\/td>\n<td valign=\"top\" width=\"33%\"><a href=\"?page_id=943#hilfs\">Die Hilfskr\u00e4fte<\/a>\u00a0(2018)<\/td>\n<td valign=\"top\"><a href=\"?page_id=943#bosch\">Bosch&#8217;s Verm\u00e4chtnis<\/a> (2018)<\/td>\n<\/tr>\n<tr>\n<td valign=\"top\" width=\"33%\"><a href=\"?page_id=941#diebe\">Weltendiebe Teil 1&amp;2<\/a><\/td>\n<td valign=\"top\" width=\"33%\"><a href=\"?page_id=943#fuchs\">Von Fuchsgeistern und Wunderlampen<\/a> (2018)<\/td>\n<td valign=\"top\"><a href=\"?page_id=943#farktrek\">FaRK Trek Episode 1<\/a>\u00a0(2017)<\/td>\n<\/tr>\n<tr>\n<td valign=\"top\" width=\"33%\"><a href=\"?page_id=941#elgar\">Elgar Eisb\u00e4r und die Zivilisation<\/a><\/td>\n<td valign=\"top\" width=\"33%\"><a href=\"?page_id=943#dimension\">Das Dimensionstor<\/a> (2017)<\/td>\n<td valign=\"top\"><a href=\"?page_id=943#gl\u00e4sern\">Der gl\u00e4serne Mensch<\/a> (Elstercon 2016)<\/td>\n<\/tr>\n<tr>\n<td valign=\"top\" width=\"33%\"><a href=\"?page_id=941#seelenspalter\">Seelenspalter<\/a><\/td>\n<td valign=\"top\"><a href=\"?page_id=43#funtastik\">Funtastik<\/a> (2016)<\/td>\n<td valign=\"top\"><a href=\"?page_id=943#exotisch\">Exotische Welten<\/a> (2014)<\/td>\n<\/tr>\n<tr>\n<td valign=\"top\" width=\"33%\"><a href=\"?page_id=941#blutfelsen\">Blutfelsen<\/a><\/td>\n<td valign=\"top\"><a href=\"?page_id=943#maerchen\">Wahre M\u00e4rchen 2<\/a> (2014)<\/td>\n<td valign=\"top\"><a href=\"?page_id=943#crime\">Dark Crime<\/a>\u00a0(2013)<\/td>\n<\/tr>\n<tr>\n<td valign=\"top\"><a href=\"?page_id=941#malicorn\">Die Quellen der Malicorn<\/a><\/td>\n<td valign=\"top\"><a href=\"?page_id=943#biblio\">Geheimnisvolle Bibliotheken<\/a>\u00a0(2012)<\/td>\n<td valign=\"top\"><a href=\"?page_id=943#steam\">Geheimnisvolle Geschichten 2<\/a>\u00a0(2011)<\/td>\n<\/tr>\n<tr>\n<td valign=\"top\"><a href=\"?page_id=941#obsidian\">Das Obsidianherz<\/a><\/td>\n<td valign=\"top\"><a href=\"?page_id=943#koeche\">Die K\u00f6che<\/a>\u00a0(2010)<\/td>\n<td valign=\"top\"><a href=\"?page_id=43#diaet\">B\u00f6se Di\u00e4t-Geschichten<\/a> (2009)<\/td>\n<\/tr>\n<tr>\n<td><a href=\"?page_id=941#salz\">Salztr\u00e4ume Teil 1&amp;2<\/a><\/td>\n<td valign=\"top\"><a href=\"?page_id=943#chef\">B\u00f6se Chef-Geschichten<\/a>\u00a0(2008)<\/td>\n<td valign=\"top\"><\/td>\n<\/tr>\n<tr>\n<td valign=\"top\"><a href=\"?page_id=941#karussell\">Jenseits des Karussells<\/a><\/td>\n<td valign=\"top\"><\/td>\n<td valign=\"top\"><\/td>\n<\/tr>\n<tr>\n<td valign=\"top\"><a href=\"?page_id=941#schwingen\">Schwingen aus Stein<\/a><\/td>\n<td valign=\"top\"><\/td>\n<td valign=\"top\"><\/td>\n<\/tr>\n<tr>\n<td valign=\"top\"><\/td>\n<td valign=\"top\"><\/td>\n<td valign=\"top\"><\/td>\n<\/tr>\n<tr>\n<td valign=\"top\"><b>KURZGESCHICHTEN<\/b><\/td>\n<td valign=\"top\"><\/td>\n<td valign=\"top\"><\/td>\n<\/tr>\n<tr>\n<td valign=\"top\"><a href=\"?page_id=941&amp;lang=en#knight\">Call it a Knight<\/a> (English)<\/td>\n<td valign=\"top\"><\/td>\n<td valign=\"top\"><\/td>\n<\/tr>\n<tr>\n<td valign=\"top\"><a href=\"?page_id=941#macht\">Machtschattenspiele<\/a>\u00a0(2018)<\/td>\n<td valign=\"top\"><\/td>\n<td valign=\"top\"><\/td>\n<\/tr>\n<tr>\n<td valign=\"top\"><a href=\"?page_id=941#bisse\">Bisse<\/a> (2007\/2015)<\/td>\n<td valign=\"top\"><\/td>\n<td valign=\"top\"><\/td>\n<\/tr>\n<tr>\n<td valign=\"top\"><a href=\"?page_id=941#lebendig\">Fast lebendig und doch tot<\/a> (2026)<\/td>\n<td valign=\"top\"><\/td>\n<td valign=\"top\"><\/td>\n<\/tr>\n<tr>\n<td valign=\"top\"><a href=\"?page_id=941#fremde\">Fremde Welten hier und dort<\/a> (2026)<\/td>\n<td valign=\"top\"><\/td>\n<td valign=\"top\"><\/td>\n<\/tr>\n<\/tbody>\n<\/table>\n<p><\/p>","protected":false},"excerpt":{"rendered":"<p>&nbsp; &nbsp; ROMANE STORIES IN ANTHOLOGIEN Schlange des B\u00f6sen &#8211; Chim\u00e4ren Das zweite Phantastikum (2022) Met-Magie (2022) Schlange des B\u00f6sen &#8211; Die Studentin Staubkornfee trifft Ich-Maschine (2021) Das Cadvendarium (2020) Sturmkrallen Wir sind die Bunten.\u00a0 (2020) Blutige Welten (2020) Gefangene des Panthers: Verr\u00e4terinnen Fantastisches Deutschland \u2013 Hessen (2019) Drachenm\u00e4r (2018) Gefangene des Panthers: Monden-Feinde Die Hilfskr\u00e4fte\u00a0(2018) Bosch&#8217;s Verm\u00e4chtnis (2018) Weltendiebe Teil 1&amp;2 Von Fuchsgeistern und Wunderlampen (2018) FaRK Trek Episode 1\u00a0(2017) Elgar Eisb\u00e4r und die Zivilisation Das Dimensionstor (2017) Der gl\u00e4serne Mensch (Elstercon 2016) Seelenspalter Funtastik (2016) Exotische Welten (2014) Blutfelsen Wahre M\u00e4rchen 2 (2014) Dark Crime\u00a0(2013) Die Quellen der Malicorn Geheimnisvolle Bibliotheken\u00a0(2012) Geheimnisvolle Geschichten 2\u00a0(2011) Das Obsidianherz Die K\u00f6che\u00a0(2010) B\u00f6se Di\u00e4t-Geschichten (2009) Salztr\u00e4ume Teil 1&amp;2 B\u00f6se Chef-Geschichten\u00a0(2008) Jenseits des Karussells Schwingen aus Stein KURZGESCHICHTEN Call it a Knight (English) Machtschattenspiele\u00a0(2018) Bisse (2007\/2015) Fast lebendig und doch tot (2026) Fremde Welten hier und dort (2026)<\/p>\n","protected":false},"author":1,"featured_media":0,"parent":0,"menu_order":3,"comment_status":"open","ping_status":"open","template":"","meta":{"sfsi_plus_gutenberg_text_before_share":"","sfsi_plus_gutenberg_show_text_before_share":"","sfsi_plus_gutenberg_icon_type":"","sfsi_plus_gutenberg_icon_alignemt":"","sfsi_plus_gutenburg_max_per_row":"","footnotes":""},"class_list":["post-43","page","type-page","status-publish","hentry"],"acf":[],"_links":{"self":[{"href":"https:\/\/www.juhonisch.de\/index.php?rest_route=\/wp\/v2\/pages\/43","targetHints":{"allow":["GET"]}}],"collection":[{"href":"https:\/\/www.juhonisch.de\/index.php?rest_route=\/wp\/v2\/pages"}],"about":[{"href":"https:\/\/www.juhonisch.de\/index.php?rest_route=\/wp\/v2\/types\/page"}],"author":[{"embeddable":true,"href":"https:\/\/www.juhonisch.de\/index.php?rest_route=\/wp\/v2\/users\/1"}],"replies":[{"embeddable":true,"href":"https:\/\/www.juhonisch.de\/index.php?rest_route=%2Fwp%2Fv2%2Fcomments&post=43"}],"version-history":[{"count":161,"href":"https:\/\/www.juhonisch.de\/index.php?rest_route=\/wp\/v2\/pages\/43\/revisions"}],"predecessor-version":[{"id":2194,"href":"https:\/\/www.juhonisch.de\/index.php?rest_route=\/wp\/v2\/pages\/43\/revisions\/2194"}],"wp:attachment":[{"href":"https:\/\/www.juhonisch.de\/index.php?rest_route=%2Fwp%2Fv2%2Fmedia&parent=43"}],"curies":[{"name":"wp","href":"https:\/\/api.w.org\/{rel}","templated":true}]}}