{"id":36,"date":"2015-08-04T16:42:09","date_gmt":"2015-08-04T14:42:09","guid":{"rendered":"http:\/\/www.juhonisch.de\/wordpress\/?page_id=36"},"modified":"2026-01-25T13:27:19","modified_gmt":"2026-01-25T12:27:19","slug":"termine","status":"publish","type":"page","link":"https:\/\/www.juhonisch.de\/?page_id=36","title":{"rendered":"Termine"},"content":{"rendered":"<p><\/p>\n<h3>2026<\/h3>\n<ul>\n<li>10.01.2026 Lesung auf dem <a href=\"https:\/\/sftreffda.weebly.com\/willkommen.html\">SFCD Treff in Darmstadt<\/a><\/li>\n<li>14.02. &#8211; 15.02.2026 Lesung auf <a href=\"https:\/\/nerds-united-ev.de\/bavariacon\/\">BavariaCon M\u00fcnchen<\/a><\/li>\n<li>20.02. &#8211; 22.02.2026: B\u00fcchertisch auf der\u00a0 <a href=\"https:\/\/cavecon.de\/lesungen-und-vortraege\/\">CaveCon in Aschaffenburg\u00a0<\/a><\/li>\n<li>05.03.2026:\u00a0 Lesung in Leipzig im <span class=\"html-span xdj266r x14z9mp xat24cr x1lziwak xexx8yu xyri2b x18d9i69 x1c1uobl x1hl2dhg x16tdsg8 x1vvkbs x4k7w5x x1h91t0o x1h9r5lt x1jfb8zj xv2umb2 x1beo9mf xaigb6o x12ejxvf x3igimt xarpa2k xedcshv x1lytzrv x1t2pt76 x7ja8zs x1qrby5j\"><span class=\"xdmh292 x15dsfln x140p0ai x1gufx9m x1s928wv xhkezso x1gmr53x x1cpjm7i x1fgarty x1943h6x x193iq5w xeuugli x13faqbe x1vvkbs x1lliihq xzsf02u xlh3980 xvmahel x1x9mg3 xo1l8bm\" dir=\"auto\">Dr. Hops, einer Craft-Beer-Bar, veranstaltet von Nachtschrift , die Phantastische Leseb\u00fchne<\/span><\/span><\/li>\n<li>07. &#8211; 08.03.2026 B\u00fcchertisch auf <a href=\"https:\/\/riedbuchmesse.de\/Buchmesse\/\">Buchmesse im Ried<\/a><\/li>\n<li>17.04. &#8211; 19.04.2026: <a href=\"https:\/\/filkontario.ca\/\">FilkOntario, Toronto Canada<\/a><\/li>\n<li>25.04. &#8211; 26.04.206: B\u00fcchertisch auf dem\u00a0<a href=\"https:\/\/www.phantastik-forum.de\/marburg-con-2026.html\">Marburg Con<\/a>, <span class=\"fs12lh1-5\">im B\u00fcrgerhaus Weimar (Lahn) &#8211; Niederweimar, Herborner Stra\u00dfe 36, 35096 Niederweimar<\/span><\/li>\n<li>02.07. &#8211; 05.2026: B\u00fcchertisch auf der <a href=\"https:\/\/www.metropolcon.eu\/\">Metropolcon Berlin EuroCon<\/a><\/li>\n<li>11. \u00b407. &#8211; 12. 07. 2026: Feencon Bonn Beuel, IGS Bonn-Beuel Siegburger Stra\u00dfe 321<\/li>\n<li>04.08.\u00a0 &#8211; 09. 08.2026: <a href=\"https:\/\/follow.de\/wp\/fest-der-fantasie\/\">Fest der Phantasie, FOLLOW<\/a>,\u00a0 Bad Kissingen<\/li>\n<li>12.09.2026: <a href=\"https:\/\/klischee-buchmesse.de\/\">Klischee Buchmesse Damstadt<\/a><\/li>\n<li>10.10.2026: BuCon B\u00fcchertisch * B\u00fcrgerhaus Sprendlingen, Dreieich<\/li>\n<li>t.b.a Dreieichcon, B\u00fcchertisch * B\u00fcrgerhaus Sprendlingen, Dreieich<\/li>\n<\/ul>\n<p>&nbsp;<\/p>\n<p>Ich freue mich immer, wenn Ihr zahlreich erscheint &#8211; auch online!<\/p>\n<p>&nbsp;<\/p>\n<blockquote><p>Hier und dort und dann wieder ganz woanders &#8230;<\/p><\/blockquote>\n<p><\/p>","protected":false},"excerpt":{"rendered":"<p>2026 10.01.2026 Lesung auf dem SFCD Treff in Darmstadt 14.02. &#8211; 15.02.2026 Lesung auf BavariaCon M\u00fcnchen 20.02. &#8211; 22.02.2026: B\u00fcchertisch auf der\u00a0 CaveCon in Aschaffenburg\u00a0 05.03.2026:\u00a0 Lesung in Leipzig im Dr. Hops, einer Craft-Beer-Bar, veranstaltet von Nachtschrift , die Phantastische Leseb\u00fchne 07. &#8211; 08.03.2026 B\u00fcchertisch auf Buchmesse im Ried 17.04. &#8211; 19.04.2026: FilkOntario, Toronto Canada 25.04. &#8211; 26.04.206: B\u00fcchertisch auf dem\u00a0Marburg Con, im B\u00fcrgerhaus Weimar (Lahn) &#8211; Niederweimar, Herborner Stra\u00dfe 36, 35096 Niederweimar 02.07. &#8211; 05.2026: B\u00fcchertisch auf der Metropolcon Berlin EuroCon 11. \u00b407. &#8211; 12. 07. 2026: Feencon Bonn Beuel, IGS Bonn-Beuel Siegburger Stra\u00dfe 321 04.08.\u00a0 &#8211; 09. 08.2026: Fest der Phantasie, FOLLOW,\u00a0 Bad Kissingen 12.09.2026: Klischee Buchmesse Damstadt 10.10.2026: BuCon B\u00fcchertisch * B\u00fcrgerhaus Sprendlingen, Dreieich t.b.a Dreieichcon, B\u00fcchertisch * B\u00fcrgerhaus Sprendlingen, Dreieich &nbsp; Ich freue mich immer, wenn Ihr zahlreich erscheint &#8211; auch online! &nbsp; Hier und dort und dann wieder ganz woanders &#8230;<\/p>\n","protected":false},"author":1,"featured_media":0,"parent":0,"menu_order":2,"comment_status":"open","ping_status":"open","template":"","meta":{"sfsi_plus_gutenberg_text_before_share":"","sfsi_plus_gutenberg_show_text_before_share":"","sfsi_plus_gutenberg_icon_type":"","sfsi_plus_gutenberg_icon_alignemt":"","sfsi_plus_gutenburg_max_per_row":"","footnotes":""},"class_list":["post-36","page","type-page","status-publish","hentry"],"acf":[],"_links":{"self":[{"href":"https:\/\/www.juhonisch.de\/index.php?rest_route=\/wp\/v2\/pages\/36","targetHints":{"allow":["GET"]}}],"collection":[{"href":"https:\/\/www.juhonisch.de\/index.php?rest_route=\/wp\/v2\/pages"}],"about":[{"href":"https:\/\/www.juhonisch.de\/index.php?rest_route=\/wp\/v2\/types\/page"}],"author":[{"embeddable":true,"href":"https:\/\/www.juhonisch.de\/index.php?rest_route=\/wp\/v2\/users\/1"}],"replies":[{"embeddable":true,"href":"https:\/\/www.juhonisch.de\/index.php?rest_route=%2Fwp%2Fv2%2Fcomments&post=36"}],"version-history":[{"count":151,"href":"https:\/\/www.juhonisch.de\/index.php?rest_route=\/wp\/v2\/pages\/36\/revisions"}],"predecessor-version":[{"id":2182,"href":"https:\/\/www.juhonisch.de\/index.php?rest_route=\/wp\/v2\/pages\/36\/revisions\/2182"}],"wp:attachment":[{"href":"https:\/\/www.juhonisch.de\/index.php?rest_route=%2Fwp%2Fv2%2Fmedia&parent=36"}],"curies":[{"name":"wp","href":"https:\/\/api.w.org\/{rel}","templated":true}]}}

<p></p>
<h3>2026</h3>
<ul>
<li>10.01.2026 Lesung auf dem <a href="https://sftreffda.weebly.com/willkommen.html">SFCD Treff in Darmstadt</a></li>
<li>14.02. &#8211; 15.02.2026 Lesung auf <a href="https://nerds-united-ev.de/bavariacon/">BavariaCon München</a></li>
<li>20.02. &#8211; 22.02.2026: Büchertisch auf der  <a href="https://cavecon.de/lesungen-und-vortraege/">CaveCon in Aschaffenburg </a></li>
<li>05.03.2026:  Lesung in Leipzig im <span class="html-span xdj266r x14z9mp xat24cr x1lziwak xexx8yu xyri2b x18d9i69 x1c1uobl x1hl2dhg x16tdsg8 x1vvkbs x4k7w5x x1h91t0o x1h9r5lt x1jfb8zj xv2umb2 x1beo9mf xaigb6o x12ejxvf x3igimt xarpa2k xedcshv x1lytzrv x1t2pt76 x7ja8zs x1qrby5j"><span class="xdmh292 x15dsfln x140p0ai x1gufx9m x1s928wv xhkezso x1gmr53x x1cpjm7i x1fgarty x1943h6x x193iq5w xeuugli x13faqbe x1vvkbs x1lliihq xzsf02u xlh3980 xvmahel x1x9mg3 xo1l8bm" dir="auto">Dr. Hops, einer Craft-Beer-Bar, veranstaltet von Nachtschrift , die Phantastische Lesebühne</span></span></li>
<li>07. &#8211; 08.03.2026 Büchertisch auf <a href="https://riedbuchmesse.de/Buchmesse/">Buchmesse im Ried</a></li>
<li>17.04. &#8211; 19.04.2026: <a href="https://filkontario.ca/">FilkOntario, Toronto Canada</a></li>
<li>25.04. &#8211; 26.04.206: Büchertisch auf dem <a href="https://www.phantastik-forum.de/marburg-con-2026.html">Marburg Con</a>, <span class="fs12lh1-5">im Bürgerhaus Weimar (Lahn) &#8211; Niederweimar, Herborner Straße 36, 35096 Niederweimar</span></li>
<li>02.07. &#8211; 05.2026: Büchertisch auf der <a href="https://www.metropolcon.eu/">Metropolcon Berlin EuroCon</a></li>
<li>11. ´07. &#8211; 12. 07. 2026: Feencon Bonn Beuel, IGS Bonn-Beuel Siegburger Straße 321</li>
<li>04.08.  &#8211; 09. 08.2026: <a href="https://follow.de/wp/fest-der-fantasie/">Fest der Phantasie, FOLLOW</a>,  Bad Kissingen</li>
<li>12.09.2026: <a href="https://klischee-buchmesse.de/">Klischee Buchmesse Damstadt</a></li>
<li>10.10.2026: BuCon Büchertisch * Bürgerhaus Sprendlingen, Dreieich</li>
<li>t.b.a Dreieichcon, Büchertisch * Bürgerhaus Sprendlingen, Dreieich</li>
</ul>
<p>&nbsp;</p>
<p>Ich freue mich immer, wenn Ihr zahlreich erscheint &#8211; auch online!</p>
<p>&nbsp;</p>
<blockquote><p>Hier und dort und dann wieder ganz woanders &#8230;</p></blockquote>
<p></p>

<p>2026 10.01.2026 Lesung auf dem SFCD Treff in Darmstadt 14.02. &#8211; 15.02.2026 Lesung auf BavariaCon München 20.02. &#8211; 22.02.2026: Büchertisch auf der  CaveCon in Aschaffenburg  05.03.2026:  Lesung in Leipzig im Dr. Hops, einer Craft-Beer-Bar, veranstaltet von Nachtschrift , die Phantastische Lesebühne 07. &#8211; 08.03.2026 Büchertisch auf Buchmesse im Ried 17.04. &#8211; 19.04.2026: FilkOntario, Toronto Canada 25.04. &#8211; 26.04.206: Büchertisch auf dem Marburg Con, im Bürgerhaus Weimar (Lahn) &#8211; Niederweimar, Herborner Straße 36, 35096 Niederweimar 02.07. &#8211; 05.2026: Büchertisch auf der Metropolcon Berlin EuroCon 11. ´07. &#8211; 12. 07. 2026: Feencon Bonn Beuel, IGS Bonn-Beuel Siegburger Straße 321 04.08.  &#8211; 09. 08.2026: Fest der Phantasie, FOLLOW,  Bad Kissingen 12.09.2026: Klischee Buchmesse Damstadt 10.10.2026: BuCon Büchertisch * Bürgerhaus Sprendlingen, Dreieich t.b.a Dreieichcon, Büchertisch * Bürgerhaus Sprendlingen, Dreieich &nbsp; Ich freue mich immer, wenn Ihr zahlreich erscheint &#8211; auch online! &nbsp; Hier und dort und dann wieder ganz woanders &#8230;</p>
